Is 7214100 a multiple of 2?
True
Does 2992 divide 90460128?
True
Does 95 divide 141287515?
True
Is 15695036 a multiple of 974?
True
Is 28523900 a multiple of 20?
True
Does 201 divide 4679317?
False
Is 81178628 a multiple of 49?
False
Is 686534194 a multiple of 87?
False
Is 21 a factor of 12833954?
False
Does 243 divide 90050454?
True
Is 2821 a factor of 924216020?
True
Is 1940 a factor of 169912960?
True
Is 295332102 a multiple of 1209?
True
Is 33655290 a multiple of 235?
True
Is 344146400 a multiple of 833?
False
Is 13 a factor of 412855555?
False
Is 884 a factor of 20268057?
False
Is 106 a factor of 60095004?
True
Does 1079 divide 6912010?
False
Is 29510734 a multiple of 5?
False
Is 1048866510 a multiple of 3090?
True
Does 4146 divide 5944659365?
False
Is 813652315 a multiple of 4656?
False
Does 14 divide 3397917376?
True
Is 8935787 a multiple of 129?
False
Does 5723 divide 2977573886?
True
Does 59 divide 158959865?
True
Is 2468583397 a multiple of 140?
False
Does 482 divide 190201538?
True
Is 78592988 a multiple of 400?
False
Is 13489798 a multiple of 4?
False
Does 32 divide 97199899?
False
Is 1135 a factor of 188487127?
False
Is 64133040 a multiple of 11?
False
Is 1145164725 a multiple of 75?
True
Does 16 divide 5754592?
True
Does 2236 divide 26000608?
False
Is 10973 a factor of 1960663794?
False
Is 15 a factor of 8843055?
True
Does 722 divide 366288192?
False
Is 1443140900 a multiple of 349?
False
Is 16 a factor of 4484686?
False
Is 421224912 a multiple of 8?
True
Does 1200 divide 146867895?
False
Does 195 divide 82701450?
True
Is 134616675 a multiple of 4282?
False
Is 57 a factor of 1045922529?
False
Is 680584945 a multiple of 127?
False
Is 5 a factor of 921208405?
True
Is 1018166 a multiple of 3?
False
Is 76 a factor of 3401684?
True
Is 155 a factor of 317904865?
False
Is 42 a factor of 1604560668?
False
Does 9 divide 61222833?
True
Is 85 a factor of 90165450?
True
Is 658466564 a multiple of 1070?
False
Is 16073193 a multiple of 9?
False
Is 461979268 a multiple of 17?
False
Does 9 divide 1280734444?
False
Is 239 a factor of 2136259436?
True
Does 192 divide 350075904?
True
Is 4 a factor of 5967492?
True
Is 1528102887 a multiple of 61?
True
Is 4318 a factor of 399683300?
False
Does 34 divide 2329173230?
True
Does 355 divide 77106665?
False
Does 363 divide 1240142?
False
Is 489 a factor of 35389419?
True
Is 44393908 a multiple of 739?
False
Does 1037 divide 324548761?
False
Is 40902544 a multiple of 30?
False
Does 18 divide 23394510?
True
Does 590 divide 378398860?
True
Is 1560224 a multiple of 6?
False
Is 9 a factor of 152039?
False
Is 12 a factor of 89981687?
False
Is 341 a factor of 191689647?
False
Is 938192168 a multiple of 878?
True
Is 152329464 a multiple of 72?
True
Is 160 a factor of 21306731?
False
Does 533 divide 16071016?
True
Is 170695803 a multiple of 3?
True
Does 8 divide 84040360?
True
Is 32166732 a multiple of 13?
True
Does 33 divide 819249189?
True
Does 1443 divide 285662052?
True
Does 1876 divide 44369276?
True
Is 9967668 a multiple of 25?
False
Does 492 divide 1258536?
True
Is 1243 a factor of 5219108400?
True
Does 18 divide 314992595?
False
Is 3749923 a multiple of 16?
False
Is 2546 a factor of 472066969?
False
Is 127 a factor of 525594457?
False
Does 420 divide 45165960?
True
Is 25 a factor of 93292805?
False
Is 175 a factor of 303820087?
False
Is 1826 a factor of 235774813?
False
Does 13 divide 1383818072?
True
Does 283 divide 5232477?
False
Is 65 a factor of 86771295?
True
Is 3615223404 a multiple of 13?
True
Is 1618533045 a multiple of 18?
False
Is 260325994 a multiple of 80?
False
Is 64973756 a multiple of 454?
True
Does 11 divide 4322519839?
True
Is 19 a factor of 41623338?
True
Does 4 divide 144086752?
True
Is 379667352 a multiple of 4?
True
Is 8 a factor of 107784753?
False
Is 136323049 a multiple of 53?
True
Is 2733148720 a multiple of 745?
True
Is 337 a factor of 1065174772?
True
Is 3544 a factor of 2316198920?
True
Does 1808 divide 137664736?
True
Is 21992820 a multiple of 265?
False
Does 79 divide 21215371?
True
Does 7 divide 510233276?
True
Is 908181405 a multiple of 15?
True
Is 55762798 a multiple of 91?
True
Is 529963130 a multiple of 205?
True
Does 88 divide 199189144?
True
Does 2686 divide 650143279?
False
Is 67685191 a multiple of 15?
False
Is 147 a factor of 8258607?
True
Is 80828988 a multiple of 12?
True
Does 65 divide 85271355?
True
Is 192 a factor of 9086016?
True
Does 21 divide 92672937?
True
Is 147805428 a multiple of 110?
False
Does 58 divide 661345580?
True
Is 773501027 a multiple of 13?
True
Is 1347 a factor of 751052093?
False
Is 2372589 a multiple of 139?
False
Is 19230385 a multiple of 50?
False
Is 33 a factor of 36551800?
False
Is 1260 a factor of 2024360100?
True
Does 221 divide 755351701?
True
Is 595343399 a multiple of 570?
False
Is 91 a factor of 283171980?
True
Is 22385594 a multiple of 77?
True
Is 65 a factor of 36147045?
False
Is 457 a factor of 462676007?
False
Is 208 a factor of 3865580368?
True
Is 1494 a factor of 27405206?
False
Is 444617096 a multiple of 1276?
True
Is 553050866 a multiple of 267?
False
Is 755720071 a multiple of 85?
False
Is 16 a factor of 571364464?
True
Is 1148777660 a multiple of 219?
False
Is 328 a factor of 190210774?
False
Is 95 a factor of 9981219?
False
Does 95 divide 4402323717?
False
Is 3532256394 a multiple of 40?
False
Is 24 a factor of 1409422512?
True
Is 363 a factor of 81388956?
True
Is 4619804 a multiple of 278?
True
Does 352 divide 1126752?
True
Is 389409571 a multiple of 172?
False
Is 167 a factor of 2184107140?
False
Is 338440549 a multiple of 438?
False
Is 26 a factor of 410962668?
False
Is 32171980 a multiple of 48?
False
Is 33203784 a multiple of 118?
True
Does 941 divide 2259707990?
True
Is 166 a factor of 905761586?
False
Does 3012 divide 419505336?
True
Does 185 divide 21952305?
False
Is 13906 a factor of 3075981686?
False
Does 10 divide 1554540?
True
Is 36067446 a multiple of 279?
True
Does 1131 divide 157913613?
True
Does 3336 divide 1185625024?
False
Does 2129 divide 74491739?
False
Does 2384 divide 450652917?
False
Does 84 divide 14731917?
False
Is 21905952 a multiple of 191?
False
Is 197151996 a multiple of 63?
False
Is 75 a factor of 1281790192?
False
Is 15 a factor of 19090125?
True
Is 8719054 a multiple of 239?
False
Is 2890 a factor of 19105790?
True
Does 15 divide 9499504?
False
Is 4 a factor of 43721047?
False
Is 19 a factor of 52961637?
False
Does 638 divide 515167136?
True
Is 21 a factor of 2401908772?
False
Is 7956 a factor of 794406600?
True
Is 3 a factor of 48918557?
False
Does 18 divide 31940010?
True
Does 226 divide 1302302?
False
Is 3865144360 a multiple of 220?
True
Is 1660 a factor of 52847760?
True
Does 189 divide 29580424?
False
Does 782 divide 675920521?
False
Is 33436886 a multiple of 301?
True
Is 81 a factor of 103803303?
False
Is 39724054 a multiple of 61?
True
Is 754 a factor of 113485184?
False
Is 66787832 a multiple of 1112?
True
Does 762 divide 28494228?
True
Does 20 divide 1570633840?
True
Does 201 divide 715292599?
False
Does 6 divide 125662374?
True
Does 71 divide 18827212?
True
Is 132849931 a multiple of 348?
False
Does 19 divide 2316586372?
False
Does 18 divide 4713264?
True
Does 80 divide 40127578?
False
Does 181 divide 1623288619?
False
Is 134894251 a multiple of 20?
False
Is 110650960 a multiple of 413?
True
Is 13 a factor of 238954911?
True
Does 3 divide 33566795?
False
Is 841045739 a multiple of 29?
False
Does 187 divide 76006711?
True
Does 2 divide 9376299?
False
Is 954242901 a multiple of 7232?
False
Is 48979268 a multiple of 74?
True
Is 777708112 a multiple of 3449?
True
Does 125 divide 133453500?
True
Does 116 divide 106652137?
False
Does 186 divide 2251095504?
True
Is 4885777 a multiple of 922?
False
Is 27 a factor of 201326102?
False
Is 839039096 a multiple of 56?
True
Is 38 a factor of 446737385?
False
Does 5 divide 142825060?
True
Does 22 divide 6628842?
True
Does 15 divide 106290990?
True
Does 9410 divide 580126500?
True
Is 13 a factor of 23555480?
True
Is 2148379803 a multiple of 2543?
True
Is 98181552 a multiple of 693?
False
Is 3721346631 a multiple of 969?
True
Does 1818 divide 146470806?
True
Does 895 divide 39212253?
False
Is 2 a factor of 167065169?
False
Does 66 divide 306